*2 + 5*j - 3. Let t be 5 + -1 + 0/3. Suppose t*z = -z + 100. What is the remainder when u(16) is divided by z?
17
Let n(b) = -4*b - 1. Let m be n(1). Let h be m/35 - 113/(-7). Suppose 3*k - h = k. What is the remainder when k is divided by 5?
3
Let i = -164 - -276. Suppose -3*p + i = -3*n - 2*n, -4*n - 165 = -5*p. What is the remainder when p is divided by 8?
5
Let h(j) = -2*j**3 - 2*j**2 - 2*j + 2. Let w = 0 - -15. Calculate the remainder when h(-3) is divided by w.
14
Suppose -3*q + q = 8, -w - 2*q = -31. Let t = 402 + -288. Calculate the remainder when t is divided by w.
36
Let m be 1 + (10/2)/5. Suppose 0 = m*x + 6, 4*x = -3*l - 0*x. What is the remainder when l is divided by 1?
0
Let n = -42 + 47. Suppose i + 4*x - 17 - 66 = 0, 0 = -n*i + 4*x + 463. Calculate the remainder when i is divided by 46.
45
Let r be (-138)/4 + 10/20. Let k = 40 + r. What is the remainder when 113 is divided by (12/k)/((-2)/(-23))?
21
Let x be (20/12)/(1/3). Suppose 2*z - 106 = -x*b, 0 = -2*b - 0*z + 3*z + 31. Calculate the remainder when 1428/b + (-2)/5 is divided by 18.
17
Let a = 99 + -88. Let j(i) = i**2 - 5*i + 9. Calculate the remainder when j(a) is divided by 11.
9
Suppose -2*m = 3*m - 5*q + 565, 3*m = 4*q - 336. Let i = -53 - m. What is the remainder when i is divided by 142/9 + 14/63?
15
Suppose 26601 = -3*q - 3*m - 0*m, q + 8865 = m. What is the remainder when q/(-91) - (20/14 + -1) is divided by 14?
13
Suppose u - 14 = -u. What is the remainder when u is divided by 237/27 - 5 - 4/(-18)?
3
Let m(t) be the first derivative of t**3/3 + 2*t**2 + 16*t - 11. Calculate the remainder when m(-11) is divided by 24.
21
Suppose -6*w = -7*w + 112. What is the remainder when w is divided by (-138)/12*(-4)/2?
20
Let v be -25 + -82 + (0 - 1)*-2. Let a = -88 - v. Calculate the remainder when 46 is divided by a.
12
Suppose 2*i + 60 = 6*i + 2*h, -2*h + 4 = 0. Suppose 0 = -8*x + 1136 - 176. Suppose 2*f + f - x = 0. Calculate the remainder when f is divided by i.
12
Let b = -150 + 292. Calculate the remainder when b is divided by 36.
34
Let h = 194 + -165. What is the remainder when 171 is divided by h?
26
What is the remainder when 34 is divided by (-10 - -13)/(15/85)?
0
Suppose -8 = -6*v + 148. Calculate the remainder when 100 is divided by v.
22
Let m = -24 - -57. Suppose m = 4*u - 7. Let n(z) = -172*z - 9625. What is the remainder when u is divided by n(-56)?
3
Let l(w) = -15*w + 165. What is the remainder when 359 is divided by l(7)?
59
Let j = 20 - 25. Let o = j + 8. Suppose -35 - 19 = -o*i. What is the remainder when 70 is divided by i?
16
Suppose -2*u = -p - 107, p + 0*p - 250 = -5*u. What is the remainder when 968 is divided by u?
50
Let v(q) = q**2 + 8*q + 10. Let c be v(-7). Let l be 9/15 - c/5. Calculate the remainder when 38 is divided by (39/15 - l)*5.
12
Suppose 3*x - d - 16 = 0, 5*x = -d - 4*d. Let j be 595/20 + 1/x. Suppose f - j + 3 = 0. Calculate the remainder when 78 is divided by f.
24
Suppose 4*k + 22 = -5*c - 345, -2*c - 130 = -4*k. Let d = 75 + c. What is the remainder when 17 is divided by d?
1
Let t = 72 + 22. Calculate the remainder when t is divided by 12.
10
Suppose 0 = -51*j + 12*j + 1950. What is the remainder when j is divided by 22?
6
Suppose 0*n = 2*y + 3*n + 5, 5*y + 2*n = 4. Suppose -15 = -5*p - y*v + 25, -p + 8 = -v. Calculate the remainder when 21 is divided by p.
5
Suppose 22 + 71 = 3*x. Suppose z + 0 = x. Calculate the remainder when z is divided by 22/(-4)*1*-2.
9
Suppose -5*m + 314 + 41 = 0. What is the remainder when 282 is divided by m?
69
Let w(a) = a**3 + 7*a**2 - 8*a + 1. Let d be w(-8). Suppose -4 = -r - d. Let v = -3 - -4. Calculate the remainder when r is divided by v.
0
Suppose -37*m + 811 = -595. What is the remainder when 61 is divided by m?
23
Suppose -2*t = 3*n - 226, -4*n + 3*t = -3*n - 68. Let h(v) = 13*v + 4. Let u be h(-4). Let f = n + u. What is the remainder when 51 is divided by f?
25
Let a(j) = -j**3 - 6*j**2 - 12*j + 9. Let k be a(-7). Let d = -93 + k. Calculate the remainder when d is divided by 18.
13
Suppose -4*a - g + 65 = 0, a - 3*g = g + 12. Let c = -10 + 12. Suppose 2*t + 2*u = -c*t + 244, 2*u + 314 = 5*t. Calculate the remainder when t is divided by a.
14
Suppose -7*t + 9*t + 254 = 3*r, t - 160 = -2*r. What is the remainder when r is divided by 15?
7
Let t = -25 + 31. What is the remainder when (63/(-28))/(t/(-32)) is divided by 5?
2
Let s(z) = z**2 + 9. Suppose 0 = -12*x + 599 - 155. Calculate the remainder when s(-8) is divided by x.
36
Let q = -1529 - -1552. Let f = 5 - 3. Suppose 0*y = f*y - 26. What is the remainder when q is divided by y?
10
Suppose 18 = i - 3. Suppose 2*t = j - 50, -2*t - 2*j = -0*t + 56. Calculate the remainder when i is divided by (-308)/t - (-8)/52.
9
Let m be 68 - ((-2)/(-3))/(12/(-18)). Suppose -2 + 11 = 3*o, m = 5*f + 3*o. What is the remainder when f is divided by 9?
3
Let o = 18 - -7. Calculate the remainder when 41 is divided by o.
16
Let o = -17 - -26. Suppose 0 = -33*v + 29*v + 364. Suppose v = 11*b - 85. What is the remainder when b is divided by o?
7
Suppose 3*l + 5*n = -0*n + 104, 4*n - 44 = -l. Calculate the remainder when 109 is divided by l.
25
Let n be ((-94)/(-4))/((-2)/4). Let i = n + 73. Calculate the remainder when i is divided by 8.
2
Let d = 4 - 3. Let b = d - -4. Suppose 0 = s - r - 28, b*s = 2*r + 48 + 77. What is the remainder when s is divided by 12?
11
Let t(q) = 2*q**2 - 70*q + 223. What is the remainder when 4029 is divided by t(3)?
30
Let t = 2198 + -1701. Calculate the remainder when t is divided by 56.
49
Suppose -4*k - 4*l = -228, -4*k = -8*k - l + 237. Calculate the remainder when k is divided by 9.
6
What is the remainder when (44/12 + 0)/(11/132) is divided by (60/18)/((-2)/(-9))?
14
Let s = 96 - 81. What is the remainder when 254 is divided by s?
14
Calculate the remainder when ((-10956)/110)/((-17)/(-10) + -2) is divided by 109.
5
Suppose 4*h - 36 = -0*c - 3*c, c = -h + 10. Suppose 0 = 32*r - 34*r + h. Calculate the remainder when 10 is divided by r.
1
Suppose 4*j = -51 + 7. Let s = -4 - j. Calculate the remainder when ((-100)/(-6))/(10/15) is divided by s.
4
Suppose 32 = -7*b - 24. Let q(v) = -v**3 - 8*v**2 + 16. What is the remainder when 31 is divided by q(b)?
15
Suppose 4*v = -j - 9, -j - j + 3 = v. Suppose -4*c = -4*s + 84, 0 = -j*s - 5*c + 3 + 52. Let g = -3 + s. What is the remainder when 33 is divided by g?
16
Suppose -12 = -3*z + 21. Let o(v) = -v**2 + 13*v - 10. What is the remainder when 21 is divided by o(z)?
9
Let a(x) = x**3 - x**2 + x + 13. What is the remainder when a(0) is divided by 2?
1
Let l = 321 - 270. Let x(k) = 3*k**2 - 6*k + 5. Let c(q) = -q**2 + 3*q - 3. Let y(h) = 5*c(h) + 2*x(h). What is the remainder when l is divided by y(-6)?
12
Let a = 633 + -563. What is the remainder when 417 is divided by a?
67
Let w be 1/(-3)*(-104 - -8). Suppose -k - 4*z + 3 = -0*k, 2*k - 5*z = w. Suppose 0 = -f + k + 11. Calculate the remainder when 64 is divided by f.
20
What is the remainder when 3*((-25146)/27)/(-11) is divided by 15?
14
Let n(d) = -d + 9. Let x be n(8). Let u(y) = y**2 + y. Let p(a) = 6*a**2 + a + 3. Let m(q) = x*p(q) - 5*u(q). Calculate the remainder when 9 is divided by m(4).
0
Let w = -73 - -166. Suppose -6*p + w = 2*l - 3*p, 5*p = -2*l + 103. Calculate the remainder when l is divided by 8.
7
What is the remainder when 241 is divided by (148/12 - -4)/(4/12)?
45
Let i(r) = -r**3 + r**2 + 31. Let l be i(0). Suppose -5*f = 104 + l. Let j = f + 54. Calculate the remainder when j is divided by 8.
3
Let y be (0 + 3 - 1) + 140. What is the remainder when 4/(-14) - y/(-7) is divided by (-6)/(-9)*3 + 1 + 4?
6
Let o = 224 + -136. Suppose 12*v + 704 = -4*v. Let c = o + v. Calculate the remainder when c is divided by 15.
14
Suppose -5*u + 42 = -38. Let m(h) = h**3 + 4*h**2 + 2*h + 2. Let c be m(-3). Suppose -u = g - c*g. What is the remainder when 14 is divided by g?
2
Let u = 31 + -5. What is the remainder when 180 is divided by u?
24
Let a = 1 + 4. Suppose 0 = -2*g - a + 15. What is the remainder when 13 is divided by g?
3
Let s(z) = z**3 - 13*z**2 - 12*z + 7. Calculate the remainder when 874 is divided by s(14).
34
Let l(q) = -3*q**2 + 13*q - 2. Let y be l(4). Suppose -y*a = 2*s - 10, -s - 5*a = -0*s + 15. What is t